 - 2*f - 11. Let x(m) = m - 3. Let y be x(-3). Let a be -3*(-1)/(y/4). What is c(a)?
-4
Suppose -3*d + 7 = -2. Let m(x) = -x**2 - 4 - x**d + 5 + 0. Give m(0).
1
Let z(m) = -14*m**2 + 2*m - 1. Let r = -20 + 21. Give z(r).
-13
Let x(a) be the third derivative of -1/8*a**4 + 0*a + 5/6*a**3 - a**2 + 0. Let y = 10 + -5. Calculate x(y).
-10
Let q(i) = -i - 1. Let g(p) = -p**2 - 4*p + 1. Let b(f) = -g(f) - 2*q(f). What is b(-7)?
8
Let p(i) be the first derivative of -5/2*i**2 + i + 6 - 1/3*i**3. What is p(-4)?
5
Let g(a) = a + 10. Let v be g(-7). Let m = 19 - v. Suppose 0 = -4*b + 3*q - 8, -2*b - 3*q + m = 2*b. Let w(d) = -d**2 - d. Give w(b).
-2
Let w = -73 + 77. Let c(j) = -j**2 + 3*j - 5. What is c(w)?
-9
Let k(h) = h - 15 + 13 + 3*h - 5*h. Let t be k(-4). Let r(s) = -2*s**2 + 2*s. Determine r(t).
-4
Let b(c) be the second derivative of c**5/60 - c**4/12 - c**3/6 + c**2/2 + 6*c. Let w(i) be the first derivative of b(i). What is w(3)?
2
Let x(z) = 24*z - 9. Let f(i) = i - 2. Let r(l) = -4*f(l) + x(l). Calculate r(-1).
-21
Let l(c) = 1. Let r(a) = a**3 - 2*a**2 + 2*a - 5. Let z(u) = -5*l(u) - r(u). Suppose -5*n + 5 = -10. Calculate z(n).
-15
Let h(o) = o**2 - 4*o. Let l be (-17)/(-3) - (-8)/24. Determine h(l).
12
Let o be 238/(-10) - (-4)/(-20). Let j be 1/(-2*(-2)/o). Let g(l) = l - 11. Let c(h) = -2*h + 12. Let d(f) = -3*c(f) - 4*g(f). Calculate d(j).
-4
Let n(i) = -i - 5. Suppose -4*s + 0*s - 28 = 0. Determine n(s).
2
Let f = -10 + 9. Let a be (-3)/(f + -2)*3. Let w(u) = -2*u + 4. Give w(a).
-2
Let j = 2 + 4. Let y be (-3)/((-2)/((-16)/j)). Let z(g) = -g**3 - 5*g**2 - 4*g - 1. Determine z(y).
-1
Let t(r) = -4*r + 7*r - r - 6 - 4*r. Give t(-4).
2
Let y(p) = p**2 - 3*p - 3. Suppose -w = -2 - 2. Suppose 0 = 4*f + f + 5*t + 40, -2*f - 18 = 3*t. Let h be f/w*(-30)/9. Give y(h).
7
Let b(j) = 4*j - 5 - 3*j + 2 + 7. Determine b(4).
8
Suppose 4*f - 9 - 15 = -2*a, -a + 4*f = 18. Suppose 10 = 2*r - a. Suppose -3*k = -0 - r. Let m(j) = 3*j**2 - 3*j. What is m(k)?
6
Let k = 5 + 4. Let w = k - 14. Let v(f) be the first derivative of -f**3/3 - 2*f**2 - f + 1. Give v(w).
-6
Let n(p) = -3*p**3 + 4*p**2 - 3. Let g(l) = 6*l**3 - 9*l**2 + 7. Let k(m) = -2*g(m) - 5*n(m). What is k(-1)?
-4
Let l(k) = 3*k + 3. Suppose 0 = -3*y + 1 + 32. Let x be y/(-3) - 4/(-6). What is l(x)?
-6
Let u(y) = -3*y - 5. Let z be u(-3). Let x(r) = -r**2 + 2*r + 5. Give x(z).
-3
Suppose 0*y = 2*y - 2. Let f(h) be the first derivative of -7*h**2 + h + 1. Calculate f(y).
-13
Let n be 3/(-9) - (-8)/(-3). Let u(b) = -4*b - 4 - 3*b + 6*b. What is u(n)?
-1
Suppose -z + 2 + 0 = 0. Suppose 0*y + z*y = 0. Let i(x) = -x - 14. Determine i(y).
-14
Let q(p) be the third derivative of p**7/2520 - p**5/120 + p**4/8 - 3*p**2. Let y(u) be the second derivative of q(u). Determine y(-1).
0
Let s(w) = -3*w**2 + w + 5. Let g(o) = -7*o**2 + o + 10. Let n(f) = -2*g(f) + 5*s(f). Determine n(5).
-5
Let t(k) = -k**2 + 9*k + 1. Let m be (5/4)/((-24)/(-192)). What is t(m)?
-9
Let n(z) = -z - 14. Let y be 22/(-18) - (-4)/18. Let v be (-4 - -2)/(y/(-3)). Calculate n(v).
-8
Let i(j) = -j**3 + 4*j**2 + 5*j. Let g be 6/(-4)*(-110)/33. What is i(g)?
0
Let b(a) = a + 7. Let d(x) = x + 6. Let f(n) = -3*b(n) + 4*d(n). Let v be (-2)/1 - 7*-1. Calculate f(v).
8
Let f(v) = -3*v**3 - 2*v**2 + 1. Let y(g) = 24*g - 3. Let w be y(1). Suppose -6*t + t - 5 = 2*k, 4*k + w = t. What is f(t)?
-4
Let l(q) = -q**3 + 5*q**2 + 3*q + 4. Let g(a) = a**3 - a**2 - a - 1. Let w(i) = -4*g(i) - l(i). Give w(1).
-3
Let h(t) = -t. Let l(x) = 3*x + 5. Let d(a) = -4*h(a) - l(a). What is d(12)?
7
Let m = 18 + -12. Let p(n) = m*n**2 - 5*n + 2*n + 2*n. Determine p(1).
5
Let a be (-8)/(-3) + 4/(-6). Let c(w) = 0*w - 4 + 1 - a*w. Let q = -10 + 8. Calculate c(q).
1
Let w(t) = t - 2. Suppose -4*u + 15 = u. Suppose -5*f - 32 = 2*m, -m = -u*m + 3*f. Determine w(m).
-8
Let c(r) = r - 8. Let x be c(10). Let q(o) = 5 + 0 - 1 + 2*o - x. Calculate q(-3).
-4
Let f be 2 + (-2 - -2)/(-2). Let a(r) be the third derivative of -1/12*r**4 + 1/6*r**3 + 1/30*r**5 - 1/120*r**6 + 0 - 3*r**2 + 0*r. What is a(f)?
-3
Let n(d) = 2*d - 7. Let u be -3 - 0 - -12 - 3. Give n(u).
5
Let h(j) = j**2 + 3*j - 8. Let t(b) be the second derivative of b**4/6 + b**3 - 17*b**2/2 + 3*b. Let y(w) = -7*h(w) + 3*t(w). Calculate y(-5).
-5
Let o(p) be the third derivative of p**4/24 + 4*p**3/3 + 3*p**2. Let v(u) = u + 7. Let z(y) = 3*o(y) - 4*v(y). Give z(-4).
0
Let l(p) = -p**2 - 6*p + 5. Suppose -4*x - 13 - 11 = 0. What is l(x)?
5
Let o(k) = 0 - 5*k**3 + 3 - 2. Determine o(-1).
6
Suppose -5*l + 16 = -i, -3*i - l + 11 = -5. Let c(f) = 0*f**3 + 2*f**3 - f**3 - 2 + 3*f + 7 - 5*f**2. Calculate c(i).
1
Let i(s) = 151 + 2*s - 74 - 78. Let r = -5 - -9. Give i(r).
7
Let q(h) be the third derivative of 1/8*h**4 - 1/60*h**5 - 2*h**2 - 1/3*h**3 - 1/120*h**6 + 0*h + 0. Give q(-3).
7
Let x(w) be the first derivative of -w**4/4 - w**3/3 - w**2/2 + 2*w + 1. Let l be x(-2). Let r be (-1)/(-2) + (-12)/l. Let j(b) = 5*b + 1. Calculate j(r).
-4
Let i(g) = -7*g**2 + g**2 - 8*g - g**3 + 11 - 4*g**2. What is i(-9)?
2
Let z be 6/9 - 40/15. Let r(i) = 2*i**2 - i**2 + 3 + 4*i + i**2. What is r(z)?
3
Let s(u) = -u**3 + 7*u**2 - 8*u + 3. Suppose -1 = 3*o - 19. Give s(o).
-9
Let q = -1 - -3. Suppose 3*j - q*j = 0. Let p(i) = i. Let t(a) = a**3 - a**2 - 4*a - 5. Let c(r) = 5*p(r) + t(r). Give c(j).
-5
Let t(o) = o**2 - 9*o - 11. Let k be t(10). Let b(s) = -1 - 4 - 1 - 5*s**2 - 2*s + 5. What is b(k)?
-4
Let p(v) = -v**2 + 4*v - 5. Suppose 2*g + 4*g = 36. Give p(g).
-17
Let z(a) be the third derivative of 0*a + 0 - 1/3*a**3 - 1/6*a**4 - 1/60*a**5 - 2*a**2. What is z(-4)?
-2
Let t be 3 - (-7*2 + 2). Let v = t + -12. Let d(r) = -2*r**2 - 3*r**3 + 4*r**3 - 1 - 3*r + 0*r. Determine d(v).
-1
Let y = -13 + 11. Let p be 5 + y + 0 + -1. Let t(j) = -3*j + 7*j - j - p - 4*j. Calculate t(-1).
-1
Let f(j) = 4*j**3 + j**2 - 2. Let n(k) = 7*k**3 + 2*k**2 - k - 3. Let a(h) = 5*f(h) - 3*n(h). Let i(u) = -1. Let t(l) = -a(l) + 3*i(l). What is t(-2)?
0
Let v(x) be the second derivative of x**5/20 - x**4/3 - x**3/3 + x**2 - 28*x. Determine v(5).
17
Let z(w) = -w**3 - 3*w**2 + 1. Let j be (3/9)/((-3)/9). Calculate z(j).
-1
Let m(r) = 5*r**2 + 3*r + 3. Let c(i) = -4*i**2 - 2*i - 2. Let w(j) = 4*c(j) + 3*m(j). Give w(-2).
-5
Let r(o) = -4*o**3 + 6*o**2 + o + 1. Let x(y) = -5*y**3 + 6*y**2 + 2*y. Let v(l) = -4*r(l) + 3*x(l). Let u be v(6). Let q(z) = z**2 - u - 5*z + 8. Give q(3).
-6
Let j(v) = 2*v + 10. Let q be -3 + (-6 - ((-6 - -1) + 3)). Calculate j(q).
-4
Let a(k) = -3*k + 1. Suppose 7*y - 2*y + 5*j + 15 = 0, -y + 12 = -2*j. Suppose y*q - 5 = q. Suppose q*d - 22 = m, -5*d + 3 + 37 = 5*m. Give a(m).
-8
Let h(q) be the first derivative of -q**5/60 + q**4/8 + q**3/2 + q**2 + 5. Let f(b) be the second derivative of h(b). Give f(-2).
-7
Let m(x) = -x**2 + 10*x. Let w be 13 - (-3 - (0 + (-6)/1)). Determine m(w).
0
Let r(t) be the third derivative of t**6/40 - t**5/60 + t**4/24 + 3*t**2. Let s be 7/5 - (-4)/(-10). Suppose 2*m - 3 = -s. Give r(m).
3
Let x(w) = 2*w**2 - 3*w + 3. Let z(q) be the second derivative of q**4/12 + q**3/6 + q**2/2 - 2*q. Let i(j) = x(j) - 3*z(j). What is i(-5)?
5
Let o(h) = h**3 + 7*h**2 + 6*h + 5. Let f be o(-6). Let i(q) = -q**2 + 6*q - 1. Let d be i(f). Let n(g) = d - 2 - 2*g + 6*g. Give n(-2).
-6
Let c = 18 + -25. Let u(y) = -y**3 - 6*y**2 + 6*y - 1. Calculate u(c).
6
Let o(y) = -y**3 - 8*y**2 - 17*y - 1. Let w be o(-4). Let s(a) = -3*a + a**2 + 5*a**2 - a**3 - 1 - 2*a**2. Calculate s(w).
-1
Let q(p) = -10*p + 4 + 2 + p - p**2 + 2*p. Give q(-7).
6
Let b(c) = -c + 4. Let q(v) = -4*v + 11. Let i(w) = -8*b(w) + 3*q(w). What is i(-1)?
5
Let c be 4*((-18)/(-4) - 4). Let t(g) = g + 6 - 2*g**3 + c*g**3 + g**3 - 9. Give t(0).
-3
Suppose 2*c = 6*c - 32. Let y = -5 + c. Let d(a) = -a**2 + a - 3. Calculate d(y).
-9
Let m(o) be the second derivative of -2*o**3/3 - 2*o**2 + 24*o. Determine m(5).
-24
Let f(p) = 5*p**3 + 5*p**2 - 4*p - 1. Let y(o) = -4*o**3 - 4*o**2 + 4*o + 1. Let t(l) = -3*f(l) - 4*y(l). Let m be -1*(0 - 1)*-3. What is t(m)?
-7
Suppose -5*r = -3*s - 2*r, r + 15 = 4*s. Let k = 5 - s. Let w(m) = k*m + 5*m + 4*m + 1. What is w(1)?
10
Let m(n) = n**2 + 3*n + 3. Let i be m(-2). Let h(j) = j**2 - 1. What is h(i)?
0
Suppose -